r when f(2) is divided by 8?
1
Let k(j) = -j**2 - 3*j + 4. Let r be k(-5). Let d(o) = 210*o + 2 - 216*o - 4. Calculate the remainder when d(r) is divided by 18.
16
Let w(o) = -3*o**3 - o**2 + o - 3. Calculate the remainder when 29 is divided by w(-2).
14
Let f(a) = a + 8. Let c be f(0). Let q(y) = -y**3 + 10*y**2 - 13*y + 11. Calculate the remainder when q(c) is divided by -9*1*8/(-6).
11
Let j(v) = -6*v**3 + 4*v**2 + 4*v**3 + 0 + 3. Let l be j(3). Let g = l + 33. Calculate the remainder when 53 is divided by g.
17
Let b(m) = -m**3 - 5*m**2 + 2*m - 2. Suppose 7*a - h + 13 = 4*a, -5*h = -3*a + 7. Let s(t) = 8*t**2. Calculate the remainder when b(a) is divided by s(1).
6
Let i(p) = 5*p**2 + p - 4 + 4. What is the remainder when i(-2) is divided by 10?
8
Suppose 4*q - 2 = -2*b, -2*q - 9 - 12 = -b. Suppose -9 = -2*s + b. What is the remainder when 29 is divided by s?
9
Suppose 0 = -6*a + 143 + 91. What is the remainder when 76 is divided by a?
37
Let d(t) = -t**3 - 20*t**2 - t + 11. Calculate the remainder when 60 is divided by d(-20).
29
Suppose -27 = -z - 8. Let a(k) = -k**2 + 13*k - 5. Suppose -v - 3*u + 4 = 0, 0*v + 9 = 2*v + 5*u. Calculate the remainder when a(v) is divided by z.
18
Let o(n) = n**3 + 7*n**2 - n + 2. Calculate the remainder when o(-7) is divided by (-11 - -1)/((-2)/1).
4
Let o(c) = -c + 6. Let g be o(6). Suppose -4*j + 111 + 61 = g. Let y(i) = -10*i + 1. Calculate the remainder when j is divided by y(-1).
10
Suppose 4*t - 12 = t. Let m(l) = 25 - 5 - t + l. What is the remainder when m(0) is divided by 6?
4
Let z(y) = -y**2 - 17*y - 20. Calculate the remainder when z(-14) is divided by 8.
6
Let r be 8/(-3)*(-4 - -1). Suppose -k = -2*k + 15. Suppose 3*q = r*q - k. Calculate the remainder when 7 is divided by q.
1
Let d(g) = 2*g**2 - 1 - 9*g + 6*g - g**2. Let n be d(4). Suppose j - 2*j + 2*a + 8 = 0, n*j - 57 = -5*a. What is the remainder when 27 is divided by j?
13
Let y(i) = i**2 - 5*i + 3. Calculate the remainder when 3/(-6)*(-9 - -3) is divided by y(5).
0
Suppose 4*c - m - 36 = 0, 5*m - 2 = -22. Suppose -4*z - 4*i - c = 0, 0 = 8*z - 3*z - 4*i - 26. Let d = 18 - z. What is the remainder when 29 is divided by d?
13
Let q be ((-3)/6)/(1/16). Let g = -244 - -255. What is the remainder when 0 - (-4)/(q/(-42)) is divided by g?
10
Suppose -4*k - v = -299, 0*k - 4*v = k - 56. What is the remainder when k is divided by 11?
10
Let v be -2*(0 - (-99)/6). Let k = 2 + 10. Calculate the remainder when (v/5)/(11/(-55)) is divided by k.
9
Let m be (2 - -1) + -3 + 1. Suppose 0 = -b - m + 16. Suppose 0 = 5*w - 46 + 6. What is the remainder when b is divided by w?
7
Suppose 5*z + 4*g = 82, g - 7 = -4. What is the remainder when 69 is divided by z?
13
Let i = -2 - -8. Suppose -7*d = -2*l - 4*d + 17, 0 = 2*d + i. Let n(r) = -r**3 + 4*r**2 - 2*r - 1. What is the remainder when l is divided by n(3)?
0
Suppose 5*w = -2*v + 20, 3*v - v + 2*w - 32 = 0. What is the remainder when 51 is divided by v?
11
Suppose m - 25 = -3*s, 2*m + 50 = 4*m + 2*s. Calculate the remainder when m is divided by 7.
4
Let c be (10 - 0)/(4/24). Suppose 3*j - c = -2*j. What is the remainder when 45 is divided by j?
9
Let p(v) = -6*v - 3. Calculate the remainder when p(-9) is divided by 27.
24
Let f be (0 - -2)/(1/6). Suppose 4*b - b = f. Suppose 5*j - 2*a - 3*a - 175 = 0, -180 = -4*j - b*a. What is the remainder when j is divided by 14?
12
Let z(m) = m + 9. Let w(s) = -3*s + 1. Let v be w(3). Let o be z(v). Let x = o + 7. Calculate the remainder when x is divided by 5.
3
Let d(l) = -11*l + 7. Let o(f) = 10*f - 6. Let x(q) = -3*d(q) - 4*o(q). What is the remainder when x(-3) is divided by 3*(2 - (-14)/6)?
11
Let r = -18 + 19. Calculate the remainder when ((-4)/5)/(4/(-10)) is divided by r.
0
Suppose 0 = 3*m - v - 127, 0 = -3*m - 2*m + 3*v + 217. Suppose -13 = -2*z + o, -4*o + o = 4*z - m. Calculate the remainder when z is divided by 5.
3
Suppose q + q = 38. Calculate the remainder when 37 is divided by q.
18
Suppose -4*p = 26 - 70. Calculate the remainder when 21 is divided by p.
10
Let f be 10*(0 - (-6)/15). Suppose 3*n = -z + 6*z + 50, -z + 105 = f*n. Calculate the remainder when 96 is divided by n.
21
Let c(d) = 2*d**2 + 7*d - 6. Calculate the remainder when 45 is divided by c(-6).
21
Let k(m) = -m**2 + 5*m + 5. Let w be k(7). Suppose -4*r = -43 - 49. Let t = r + w. What is the remainder when t is divided by 8?
6
Suppose -82 = -3*q + p, q + 2*p - 16 = 23. Let b(j) = j + 26. Calculate the remainder when q is divided by b(-11).
14
Suppose l = -5 + 26. What is the remainder when l is divided by 8?
5
Suppose -c + m = -11, -m = -c + 5*c - 44. What is the remainder when 32 is divided by c?
10
Let c(a) = 2*a - 3. Let b be c(6). Let i(t) = t**2 - 8*t - 4. What is the remainder when 13 is divided by i(b)?
3
Suppose 4*b - 2*b - 20 = 0. Calculate the remainder when b is divided by 6.
4
Suppose s + 44 = d, 37 = 3*d - 2*s - 95. Suppose y + 1 = 16. What is the remainder when d is divided by y?
14
Suppose 4*p = -a + 70, -2*p = -4*a - a + 372. What is the remainder when a is divided by 19?
17
Let u be (-40)/30*3/(-2). Suppose u*j - 154 = -5*j. What is the remainder when 41 is divided by j?
19
Suppose 0 = 2*a - 0*a + 6. What is the remainder when (a/6)/((-3)/126) is divided by 8?
5
Let z = 5 - 3. What is the remainder when 4 is divided by z?
0
Suppose -s + 4*s - 258 = 0. What is the remainder when s is divided by 29?
28
Suppose -5*l = 7 - 47. Suppose 476 = -12*b + l*b. Let r = -85 - b. Calculate the remainder when r is divided by 12.
10
Suppose -j + 6 = j. Suppose j*u - u = w - 17, -2*w = 5*u + 2. What is the remainder when 16 is divided by w?
7
Suppose f - 5*l + 9 = 2*f, 2*f - 3*l - 18 = 0. Suppose 4*g + z = 105, -4*g + 0*z = 2*z - 110. Calculate the remainder when g is divided by f.
7
Suppose c - 6 - 11 = 0. Let o(h) = h**2 - 4*h - 2. Let i be o(5). Suppose 0 = -q + i + 3. What is the remainder when c is divided by q?
5
Let g be ((-20)/6)/((-2)/(-3)). Let y(h) = h**3 + 4*h**2 - 7*h - 4. Calculate the remainder when 11 is divided by y(g).
5
Suppose 0 = 2*l + 5*q - 10, -l + 4*q = 7*q - 3. Suppose 59 = 5*b - g, -2*g - l - 37 = -4*b. Calculate the remainder when 20 is divided by b.
9
Let x = -10 + 1. Let a = -1 - x. What is the remainder when 14 is divided by a?
6
Suppose -25 = 5*z, 4*p - z - 90 - 31 = 0. Suppose 0 = g + 3*o + 3 - 12, 4 = -2*o. What is the remainder when p is divided by g?
14
Suppose 4*g - 3*b - 25 = 2*b, 3*b = -3*g + 39. Calculate the remainder when 15 is divided by g.
5
Let d = 109 + -65. Calculate the remainder when d is divided by 15.
14
Let t(f) = -4 - 2 + 0*f + 3*f + f**2. What is the remainder when t(-10) is divided by 22?
20
Let p = 10 + -5. Suppose 3*z = -g + 2 + 2, -p*z - 3*g = 0. Suppose z*q + 3*j - 52 = -10, 28 = 2*q + j. Calculate the remainder when 40 is divided by q.
12
Suppose 4*j = 8*j - 220. What is the remainder when j is divided by 7?
6
Calculate the remainder when 2/(20/(-28) - -1) is divided by 2.
1
Let k = -5 + 27. Calculate the remainder when k is divided by 12.
10
Let r be (15/6 - 2)*12. Suppose 0 = 3*i - r*i + 30. Calculate the remainder when 29 is divided by i.
9
Let v = -39 + 67. What is the remainder when (-1 - 2) + 60 + -2 is divided by -2 + 0 + v + -7?
17
Let d(z) be the first derivative of -3*z**2/2 + 2*z - 5. What is the remainder when d(-5) is divided by 6?
5
Calculate the remainder when (5/10)/((-1)/(-86)) is divided by 23.
20
Suppose 2*x = x - 1. Let b = 1 - x. Suppose 3*m = 2*o + 3*o + 31, 2*m = -5*o - 21. Calculate the remainder when b is divided by m.
0
Suppose 0 = -4*y + 7 + 25. What is the remainder when 36 is divided by y?
4
Let n = 138 - 41. What is the remainder when n is divided by 25?
22
Suppose 2*w = -2*w + 172. Suppose -65 - 10 = -5*j. What is the remainder when w is divided by j?
13
Suppose 14*u = 21*u - 98. Calculate the remainder when 138 is divided by u.
12
Let a(z) = z. Let t be a(5). Suppose 2*s = h - 74, -4*s - 180 = t*h - 494. Let g = h + -13. What is the remainder when g is divided by 18?
17
Suppose 5*g - 2 = 38. Let c = g - 3. Suppose -4*m - 1 = -3*w, -c = -4*m + 3*w - 2*w. Calculate the remainder when 6 is divided by m.
0
Let r = 107 - 100. Suppose 0 = 5*k + p - 131, 132 = 5*k - 3*p - 15. What is the remainder whe